q - 113. What are the prime factors of o?
2, 7
Let x be (4/(-6))/((32/186)/(-16)). Suppose -2*m - 5*p + 13 = 0, 0 = 4*m + 4*p + 6 - x. List the prime factors of m.
19
Let u = 7 + -4. Suppose -3*f + 121 = r - 8*f, -2*f + 414 = u*r. What are the prime factors of r?
2, 17
Suppose -24 = 4*w - 7*w - 3*k, 2*w - 19 = -3*k. Suppose -n + 5*n = 3*v - 159, -4*v - 222 = w*n. Let t = 2 - n. What are the prime factors of t?
2, 11
Let b be 2*(-10)/((-120)/306). Let n = b - -280. What are the prime factors of n?
331
Suppose 2*u + f - 110761 = 0, -2*u = -8*f - 47964 - 62842. What are the prime factors of u?
3, 18461
Let f(h) be the first derivative of h**4/4 + 4*h**3/3 + h**2 + 2*h + 20. Let b be f(-4). Let v(l) = -6*l - 6. List the prime factors of v(b).
2, 3, 5
List the prime factors of ((-1053468)/(-208) + -15)/(3/8*1).
2, 6733
Suppose -3*m = 4*k - 1805, k + 4*k - 598 = -m. Suppose -61*n + m = -58*n. List the prime factors of n.
3, 67
List the prime factors of ((-14147)/(-14))/(((-1)/5)/(836/(-95))).
2, 11, 43, 47
Let p(v) = -140*v**2 + 3*v + 7. Let l be p(-2). Let x = -126 - l. List the prime factors of x.
433
Let g = -4127 - -13978. What are the prime factors of g?
9851
Suppose -9*q = 12*q - 567. Let k be 2/(2/2) - -343. Suppose -q = -6*j + k. What are the prime factors of j?
2, 31
Let q(a) be the third derivative of -a**4/24 + 13*a**2. Let y(m) = m**3 + 5*m**2 - 13*m - 13. Let j(n) = 4*q(n) - y(n). List the prime factors of j(-7).
2, 3
Let b(c) = -38*c + 12. Let g(i) = -37*i + 13. Let n(f) = 5*b(f) - 4*g(f). Let y be n(-7). Suppose 0 = -3*m + m + y. List the prime factors of m.
151
Let f(b) = 939*b + 40. What are the prime factors of f(1)?
11, 89
Let j = 3313 - -5935. List the prime factors of j.
2, 17
Let h = 37 + -35. Let x(a) = -1 + a**3 - 6 - 9*a**h - 7*a + 10. What are the prime factors of x(10)?
3, 11
Suppose -i = 2*w - 57354, 9*w = 5*i + 7*w - 286818. Suppose 43*l = -4515 + i. List the prime factors of l.
1229
Suppose -5*x + 67317 = 14*x. List the prime factors of x.
3, 1181
Suppose 654 = 4*y + 566. Suppose -17*z + y*z = 8880. List the prime factors of z.
2, 3, 37
Let m(t) = t**3 - 84*t**2 - 486*t - 50. What are the prime factors of m(95)?
3, 5, 131
Let k be 4/(-10)*120/24. List the prime factors of k/((-12)/657)*40/15.
2, 73
Suppose -4043*d = -4038*d - 640. What are the prime factors of d?
2
Suppose -1659743 = -23*y - 395594. List the prime factors of y.
3, 31, 197
Let p be ((-5)/(-15))/((-1)/5235). Let v = p - -2687. What are the prime factors of v?
2, 3, 157
Let f(o) = 198*o**2 - 60*o + 249. List the prime factors of f(10).
3, 2161
Let o be 1*3624/(-40)*(3 + 2). What are the prime factors of (-33)/(-66) + o/(-2)?
227
Let c(s) = -257*s**2 + 17*s - 2. Let m(g) = -770*g**2 + 56*g - 6. Let k(l) = -20*c(l) + 6*m(l). What are the prime factors of k(1)?
2, 5, 13
What are the prime factors of 92215/11 + (-4)/22?
83, 101
Let u = 160 + -74. Let t(s) = 6*s + 78. Let w be t(-16). Let b = w + u. What are the prime factors of b?
2, 17
Suppose 0 = -4*v + 5*a - 31, 4*v + 5*a + 53 = -28. Let u(p) = -p**3 - 15*p**2 - 12*p - 3. Let g be u(v). Let h = g - -42. List the prime factors of h.
11
Suppose 10*o = 6*o - 228. Let g = o - -67. What are the prime factors of (-1003)/(-15) + g/75?
67
Suppose -8*z - 15 = -13*z. Let q be z - ((-1248)/15 + (-1)/(-5)). Let u = 91 - q. What are the prime factors of u?
5
Let s(i) = -12*i + 9. Let h be s(7). Let p be ((-78)/(-5) + 2)*h/(-3). Suppose p = 5*v - 3*v. What are the prime factors of v?
2, 5, 11
List the prime factors of -28*-13*24/(-1092) + 36793.
5, 7, 1051
Let x(j) = 98*j - 79. Suppose 50 = 5*p - 10. What are the prime factors of x(p)?
1097
Let u = 82 - 80. Suppose -o + 3*f + 12 = o, -4*f = 2*o + u. Suppose -o*j + 5*i - 24 + 120 = 0, 3*j = 3*i + 90. List the prime factors of j.
3
Let j(m) = m**3 - 8*m**2 - 6*m - 14. Let o be j(10). Suppose 2*k + 8*w - 4*w - o = 0, 156 = 3*k - 5*w. List the prime factors of k.
3, 19
Let p(h) = 3*h**2 - 6 + 5*h - 1 + 0. Let s = 146 - 141. List the prime factors of p(s).
3, 31
List the prime factors of (422734/213)/(4/24).
2, 13, 229
Suppose 2*f = 10*f - 112. Suppose 194 = 2*t - f. What are the prime factors of (-4)/(-8)*-4 + t?
2, 3, 17
Let i(k) = 18*k**2 - 8*k - 41. Let n be i(-4). Suppose -g - 3*b + n = 0, 5*g - g - b = 1077. List the prime factors of g.
2, 3, 5
Suppose 50 + 10 = 20*w. Suppose -w*z = -8*z + 1505. What are the prime factors of z?
7, 43
Let f = 6978 + 2167. List the prime factors of f.
5, 31, 59
Let g be 4*6/(48/58). Let y(d) = -d**2 + 32*d - 4. What are the prime factors of y(g)?
83
Suppose 3*o - 11771 = -h, -2*o = 5*h - 55209 - 3633. What are the prime factors of h?
2, 1471
Suppose 4*w - 3*l = 76261, 10*l + 63680 = 4*w - 12630. List the prime factors of w.
2, 5, 953
Let l be 2/(-7) - 4/(-14). Suppose -180 = -8*s - 164. Suppose -2*v - 88 = -p - l*p, v = -s*p + 161. List the prime factors of p.
2, 41
Let f(k) = k**2 - 7*k - 4. Let i be f(7). Let v be -4 + 1 + 61 + 4/i. Let l = 83 - v. What are the prime factors of l?
2, 13
Suppose -c - 18999 = -i - 6132, -5*i + c = -64327. Suppose -i - 6443 = -12*l. List the prime factors of l.
1609
Suppose -5*h - 3720 - 6159 = -n, n - 3*h - 9867 = 0. What are the prime factors of n?
3, 7, 67
Let h be (6 - 4) + 0 + 2. Let o(c) = 26*c**2 + 8 + 4*c - h - 6. List the prime factors of o(-2).
2, 47
Suppose 0 = -19*w + 14*w + 5. Let s be 5 + (w - -4) + -5. Suppose -959 = -4*i + 5*x, 1298 = s*i - 5*x + 98. List the prime factors of i.
241
Let z(v) = 2*v**2 - 12*v + 102. List the prime factors of z(16).
2, 211
Let h be (-1 + 4)*5/(30/218). Let m = 109 - h. Suppose -t + 69 + 54 = m. List the prime factors of t.
3, 41
Suppose 78*s - 276431 = 59*s. List the prime factors of s.
14549
Suppose -15 = -2*r + 3*h + 49, 4*h + 8 = 0. Let u = 323 + r. What are the prime factors of u?
2, 11
Let f = 26 - 18. Suppose 2*u + f = 5*d, 5*u - 3 = 2. Suppose d*o - 6 = 3*q, 33 = -3*o + 8*o - 3*q. What are the prime factors of o?
3
Let u(x) = 6 + 2*x - 7*x**3 - 11*x**2 + 27*x**3 + 17*x**3 + 12*x**3 - 8*x**3. List the prime factors of u(3).
2, 3, 5, 17
Suppose -4*p = -20 + 20. Suppose -2*y = -4*d - 2470, 3*d = -p*d + 9. What are the prime factors of y?
17, 73
Suppose -6*u + 7135 = -6401. Let b = 3357 - u. What are the prime factors of b?
3, 367
Let c be (9/(-6))/((-1)/610). Suppose a - 3*t - c = 0, -12 + 1838 = 2*a - 5*t. What are the prime factors of a?
3, 7, 43
Suppose 9*n - 7*n = -4. Let h be (n - -4)*((-57)/6 - 2). Let q = 35 + h. What are the prime factors of q?
2, 3
Suppose s = 4*v - 42, 3*v - s = 4*v - 8. Suppose v*y - 63 = -13. Suppose -5*z + 392 = -5*i - 638, 2*i - 1030 = -y*z. What are the prime factors of z?
2, 103
Suppose 0 = 20291*a - 20276*a - 46170. List the prime factors of a.
2, 3, 19
Suppose -2*o + 18 = 30, 5*t = -2*o + 174748. What are the prime factors of t?
2, 17, 257
Suppose -13 = -l - 4*t, -2*l + 30 = 2*l + 5*t. Suppose l*a + 3*a = 1216. What are the prime factors of a?
2, 19
Let r(g) = 17*g**2 + 71*g + 138. List the prime factors of r(-20).
2, 31, 89
Let h(m) = 3*m**3 - 2*m**2 - 4. Let v be 8/(-64) - (-34)/16. Suppose 5*n = 2*x + 19, v*n + 0*n - 25 = -5*x. What are the prime factors of h(x)?
59
Suppose 2*s = -0*m - 4*m + 30, 0 = -2*m - 4*s + 30. Suppose -2*i = 2*q - m*i - 5, 0 = -4*i + 4. List the prime factors of ((-6)/q)/(39/(-1378)).
53
Suppose -2*s = -3*r + 3*s + 82, 3*r + 4*s - 64 = 0. Suppose 0 = a - 12 - r. What are the prime factors of -3 + -1 + 4 + a?
2, 3
Suppose -112 = -5*w + 3*v - 18, 72 = 4*w - 4*v. Suppose t - w - 109 = 0. Let j = 192 - t. What are the prime factors of j?
3, 7
Let n(h) = -208*h + 36. Let x be n(-4). Let l = 1690 - x. List the prime factors of l.
2, 3, 137
List the prime factors of (-164 - 132/(-11))/(2/(-134)).
2, 19, 67
Suppose n - m - 7422 = -2623, -n + 4811 = 3*m. List the prime factors of n.
2, 7
Let n(u) = 62*u - 8. Let h(l) = l + 1. Let j(w) = -3*w - 1. Let t(z) = -2*h(z) - j(z). Let m(d) = n(d) - 4*t(d). What are the prime factors of m(1)?
2, 3
Let w be 62/(-15) + (-10)/(-75). Let v be (-2)/w*(3 + -3)/2. Suppose v = -4*r - 103 + 299. What are the prime factors of r?
7
Let a = 451 - 227. Suppose 5*h - 451 = -4*c + 76, 2*h = 5*c + a. What are the prime factors of h?
107
Let c = -15191 - -26457. List the pri